it of 7350?
7
What is the thousands digit of 1412?
1
What is the hundreds digit of 264?
2
What is the units digit of 46060?
0
What is the thousands digit of 1009?
1
What is the tens digit of 74696?
9
What is the hundreds digit of 2995?
9
What is the units digit of 5869?
9
What is the thousands digit of 19453?
9
What is the tens digit of 8378?
7
What is the units digit of 64071?
1
What is the thousands digit of 19416?
9
What is the hundreds digit of 1053?
0
What is the tens digit of 5177?
7
What is the hundreds digit of 13580?
5
What is the ten thousands digit of 10683?
1
What is the hundreds digit of 25295?
2
What is the units digit of 28003?
3
What is the tens digit of 23393?
9
What is the hundreds digit of 5696?
6
What is the hundreds digit of 4856?
8
What is the thousands digit of 7300?
7
What is the units digit of 65552?
2
What is the hundreds digit of 2400?
4
What is the units digit of 461?
1
What is the units digit of 512?
2
What is the hundreds digit of 2920?
9
What is the thousands digit of 21736?
1
What is the units digit of 634?
4
What is the hundreds digit of 16472?
4
What is the thousands digit of 48312?
8
What is the thousands digit of 5158?
5
What is the thousands digit of 150129?
0
What is the hundreds digit of 14205?
2
What is the thousands digit of 4240?
4
What is the hundreds digit of 12178?
1
What is the units digit of 860?
0
What is the tens digit of 2546?
4
What is the thousands digit of 7016?
7
What is the units digit of 70228?
8
What is the ten thousands digit of 23273?
2
What is the thousands digit of 11494?
1
What is the thousands digit of 1508?
1
What is the units digit of 517?
7
What is the units digit of 479?
9
What is the hundreds digit of 565?
5
What is the tens digit of 1805?
0
What is the hundreds digit of 2455?
4
What is the hundreds digit of 112416?
4
What is the tens digit of 90257?
5
What is the units digit of 971?
1
What is the ten thousands digit of 19661?
1
What is the tens digit of 398?
9
What is the thousands digit of 14726?
4
What is the tens digit of 4762?
6
What is the thousands digit of 44075?
4
What is the thousands digit of 5302?
5
What is the units digit of 46023?
3
What is the tens digit of 6360?
6
What is the units digit of 1499?
9
What is the thousands digit of 1754?
1
What is the hundreds digit of 377?
3
What is the units digit of 569?
9
What is the tens digit of 4694?
9
What is the tens digit of 23772?
7
What is the hundreds digit of 2897?
8
What is the thousands digit of 23019?
3
What is the hundreds digit of 2173?
1
What is the tens digit of 1933?
3
What is the tens digit of 19547?
4
What is the tens digit of 1105?
0
What is the hundreds digit of 781?
7
What is the units digit of 379?
9
What is the ten thousands digit of 65157?
6
What is the tens digit of 862?
6
What is the hundreds digit of 19732?
7
What is the tens digit of 325?
2
What is the thousands digit of 32194?
2
What is the thousands digit of 1418?
1
What is the ten thousands digit of 123451?
2
What is the hundreds digit of 2681?
6
What is the units digit of 8889?
9
What is the tens digit of 183?
8
What is the units digit of 24163?
3
What is the thousands digit of 6122?
6
What is the thousands digit of 1986?
1
What is the hundreds digit of 20280?
2
What is the hundreds digit of 18369?
3
What is the units digit of 7171?
1
What is the tens digit of 446?
4
What is the thousands digit of 6054?
6
What is the hundreds digit of 24492?
4
What is the ten thousands digit of 19410?
1
What is the tens digit of 3869?
6
What is the units digit of 7466?
6
What is the ten thousands digit of 62106?
6
What is the hundreds digit of 821?
8
What is the hundreds digit of 393?
3
What is the units digit of 4430?
0
What is the ten thousands digit of 10613?
1
What is the thousands digit of 8746?
8
What is the thousands digit of 4458?
4
What is the hundreds digit of 13133?
1
What is the units digit of 840?
0
What is the thousands digit of 4995?
4
What is the hundreds digit of 1630?
6
What is the units digit of 17?
7
What is the tens digit of 603?
0
What is the ten thousands digit of 17858?
1
What is the thousands digit of 2718?
2
What is the units digit of 4330?
0
What is the thousands digit of 1690?
1
What is the ten thousands digit of 48015?
4
What is the hundreds digit of 841?
8
What is the ten thousands digit of 15885?
1
What is the thousands digit of 21075?
1
What is the hundreds digit of 62716?
7
What is the hundreds digit of 644?
6
What is the hundreds digit of 1774?
7
What is the tens digit of 47146?
4
What is the tens digit of 2082?
8
What is the tens digit of 3130?
3
What is the units digit of 16?
6
What is the tens digit of 2514?
1
What is the units digit of 688?
8
What is the tens digit of 2712?
1
What is the thousands digit of 1509?
1
What is the units digit of 235?
5
What is the hundreds digit of 11618?
6
What is the hundreds digit of 41285?
2
What is the tens digit of 97749?
4
What is the tens digit of 3845?
4
What is the hundreds digit of 3012?
0
What is the hundreds digit of 33034?
0
What is the thousands digit of 2260?
2
What is the hundreds digit of 928?
9
What is the thousands digit of 20587?
0
What is the units digit of 59300?
0
What is the hundreds digit of 14978?
9
What is the units digit of 624?
4
What is the tens digit of 27548?
4
What is the units digit of 3227?
7
What is the thousands digit of 5742?
5
What is the ten thousands digit of 14341?
1
What is the tens digit of 16787?
8
What is the units digit of 6036?
6
What is the ten thousands digit of 12880?
1
What is the units digit of 16127?
7
What is the hundreds digit of 195578?
5
What is the tens digit of 16801?
0
What is the ten thousands digit of 17653?
1
What is the units digit of 786?
6
What is the tens digit of 90014?
1
What is the units digit of 19186?
6
What is the units digit of 4098?
8
What is the hundreds digit of 4464?
4
What is the tens digit of 70?
7
What is the hundreds digit of 40494?
4
What is the hundreds digit of 1453?
4
What is the hundreds digit of 22685?
6
What is the hundreds digit of 457?
4
What is the thousands digit of 3084?
3
What is the ten thousands digit of 132244?
3
What is the tens digit of 28870?
7
What is the ten thousands digit of 96725?
9
What is the hundreds digit of 130731?
7
What is the tens digit of 916?
1
What is the hundreds digit of 4287?
2
What is the tens digit of 21812?
1
What is the units digit of 401?
1
What is the tens digit of 5500?
0
What is the tens digit of 260?
6
What is the tens digit of 9129?
2
What is the ten thousands digit of 46941?
4
What is the tens digit of 532?
3
What is the tens digit of 62543?
4
What is the units digit of 803?
3
What is the hundreds digit of 32852?
8
What is the tens digit of 1798?
9
What is the units digit of 14034?
4
What is the thousands digit of 2025?
2
What is the hundreds digit of 3737?
7
What is the hundreds digit of 256?
2
What is the units digit of 12471?
1
What is the tens digit of 828?
2
What is the units digit of 5724?
4
What is the hundreds digit of 2654?
6
What is the ten thousands digit of 106826?
0
What is the hundreds digit of 247?
2
What is the tens digit of 245?
4
What is the hundreds digit of 489?
4
What is the hundreds digit of 2305?
3
What is the ten thousands digit of 34371?
3
What is the units digit of 10360?
0
What is the thousands digit of 34498?
4
What is the hundreds digit of 352?
3
What is the ten thousands digit of 36397?
3
What is the tens digit of 180?
8
What is the tens digit of 9764?
6
What is the tens digit of 5030?
3
What is the tens digit of 6692?
9
What is the hundreds digit of 66790?
7
What is the units digit of 36966?
6
What is the hundreds digit of 3484?
4
What is the hundreds digit of 1782?
7
What is the units digit of 1438?
8
What is the tens digit of 870?
7
What is the hundreds digit of 421?
4
What is the units digit of 103?
3
What is the hundreds digit of 844?
8
What is the hundred thousands digit of 110966?
1
What is the tens digit of 16415?
1
What is the thousands digit of 94563?
4
What is the units digit of 4991?
1
What is the thousands digit of 34640?
4
What is the ten thousands digit of 54261?
5
What is the tens digit of 93418?
1
What is the tens digit of 584?
8
What is the hundreds digit of 3416?
4
What is the thousands digit of 4774?
4
What is